 15 - -451?
466
In base 8, what is 56 + -717?
-641
In base 7, what is -31 - -12?
-16
In base 2, what is 0 - -1011100000?
1011100000
In base 5, what is 124 - 14?
110
In base 5, what is -4 + 10?
1
In base 12, what is -47 + 28?
-1b
In base 13, what is -19 + 5?
-14
In base 5, what is 102 + -34?
13
In base 7, what is 12 - -1603?
1615
In base 13, what is -2 + -75?
-77
In base 3, what is 0 - 10120?
-10120
In base 3, what is 1210 + -211?
222
In base 2, what is -11110 + 11?
-11011
In base 15, what is 52 - -c?
5e
In base 6, what is -5 - 143?
-152
In base 3, what is -122201 + -11?
-122212
In base 14, what is 2 - 332?
-330
In base 9, what is -405 + 2?
-403
In base 7, what is -123 - 33?
-156
In base 4, what is 1 + 231?
232
In base 7, what is 3 - -36?
42
In base 2, what is -100100 - 1100?
-110000
In base 3, what is 10 + 220?
1000
In base 15, what is -d64 + 4?
-d60
In base 3, what is -202 - -122?
-10
In base 14, what is -2 - -b?
9
In base 11, what is 3 + -386?
-383
In base 3, what is -210021 + 10?
-210011
In base 16, what is e7 - 1?
e6
In base 16, what is -15f - 4?
-163
In base 4, what is 1202003 + 11?
1202020
In base 3, what is -122201 - 2?
-122210
In base 8, what is 114671 - 4?
114665
In base 5, what is 30 + -3?
22
In base 6, what is 0 - 20413?
-20413
In base 9, what is -31 + -2?
-33
In base 12, what is 363a - 5?
3635
In base 12, what is 3 - 28a?
-287
In base 16, what is -15 - 7c?
-91
In base 2, what is 111010010 - 1010?
111001000
In base 12, what is -13 - 23?
-36
In base 6, what is -3010 - -4?
-3002
In base 3, what is -10 + -1100000?
-1100010
In base 12, what is 4 + -16?
-12
In base 3, what is -100 + 11101?
11001
In base 3, what is -2 - -11210?
11201
In base 6, what is -5 + 240?
231
In base 10, what is -9 - -140?
131
In base 3, what is 2 + -22220?
-22211
In base 16, what is -35 - -5?
-30
In base 15, what is -a - 37?
-42
In base 14, what is 25 + 5?
2a
In base 13, what is 4 - -15b?
162
In base 12, what is -79 + 4?
-75
In base 16, what is -d1d + 1?
-d1c
In base 14, what is 4 + 724?
728
In base 15, what is -52d - 0?
-52d
In base 15, what is 3cd + -5?
3c8
In base 16, what is 36e + 2?
370
In base 9, what is 1 + 57?
58
In base 15, what is 3 + 4?
7
In base 11, what is 2 - -45?
47
In base 12, what is 246 + 4?
24a
In base 6, what is -305 + 201?
-104
In base 15, what is -2 + a9?
a7
In base 8, what is -6 - 51?
-57
In base 14, what is -29 + -c?
-37
In base 14, what is -3 + ba?
b7
In base 4, what is -11 - 23010?
-23021
In base 5, what is 4 + 23?
32
In base 16, what is -2 + -1f6?
-1f8
In base 16, what is 3b + -7a?
-3f
In base 12, what is 0 - -4a2?
4a2
In base 13, what is -5 - 142a?
-1432
In base 12, what is 293 + 1?
294
In base 4, what is 33032 - -2?
33100
In base 14, what is -8 - -82?
78
In base 4, what is 13220 - 200?
13020
In base 7, what is -351 - 30?
-411
In base 9, what is -6671 - 0?
-6671
In base 3, what is 110 - 20?
20
In base 12, what is -3 - -5b9?
5b6
In base 11, what is a816 + -5?
a811
In base 12, what is 65 + -8?
59
In base 5, what is -111 - -200?
34
In base 6, what is 3400 - -14?
3414
In base 13, what is -5 - 1c?
-24
In base 6, what is -133 + 5?
-124
In base 15, what is 5 - 14b3?
-14ad
In base 13, what is 5 - 350?
-348
In base 10, what is -33 - 49?
-82
In base 3, what is 21201 + 2?
21210
In base 6, what is -1100 - -11?
-1045
In base 4, what is -1222 - 1?
-1223
In base 3, what is -220 + -202?
-1122
In base 10, what is -6869 + -4?
-6873
In base 11, what is -28 - -1a?
-9
In base 13, what is -1 - -1489?
1488
In base 11, what is 0 - 554?
-554
In base 14, what is 1c0 + -5?
1b9
In base 12, what is -1036 + 5?
-1031
In base 15, what is -4a + 5?
-45
In base 7, what is 4033 + -21?
4012
In base 8, what is -55 + 46?
-7
In base 14, what is -152 + -4?
-156
In base 3, what is 100001 + 210?
100211
In base 2, what is -10010101 + 101?
-10010000
In base 15, what is 10 - -2a?
3a
In base 6, what is 4122 + -2?
4120
In base 16, what is -145 + -f?
-154
In base 7, what is 13 + -2151?
-2135
In base 4, what is 100211 - -21?
100232
In base 2, what is -101000010 - -101?
-100111101
In base 3, what is -10120100 - 12?
-10120112
In base 12, what is -10334 - 5?
-10339
In base 11, what is -5 - -42?
38
In base 12, what is 11 + 303?
314
In base 6, what is 2054 + 4?
2102
In base 10, what is -7 - -51?
44
In base 4, what is -1233230 - -11?
-1233213
In base 3, what is 121111 - 12?
121022
In base 14, what is 4 - 1?
3
In base 13, what is -229 - -2?
-227
In base 6, what is 1331 - -2?
1333
In base 12, what is -3 - -186?
183
In base 12, what is 0 + 71?
71
In base 11, what is a473 - -3?
a476
In base 5, what is -4 + 10?
1
In base 10, what is 744 - -6?
750
In base 4, what is 20301 - -10?
20311
In base 16, what is -56 - -1?
-55
In base 5, what is 3 - 1411?
-1403
In base 13, what is -585 + b?
-577
In base 6, what is -43 + 24?
-15
In base 15, what is 6 - -2ce?
2d5
In base 13, what is 0 - -603?
603
In base 16, what is 1320 + 1?
1321
In base 11, what is 3 + -447?
-444
In base 3, what is -10 - 11012?
-11022
In base 6, what is -31 - -34?
3
In base 13, what is -6b1 - 2?
-6b3
In base 13, what is b7 - 4?
b3
In base 2, what is 10 - -110110111?
110111001
In base 7, what is -143 + -250?
-423
In base 2, what is 1000110 + -100110?
100000
In base 9, what is 74 + 0?
74
In base 14, what is -51b + -4?
-521
In base 14, what is 38 - -7?
41
In base 2, what is 10010 - 1011?
111
In base 13, what is -27 - 2?
-29
In base 9, what is 3 - 42?
-38
In base 2, what is -1 + -1010011001?
-1010011010
In base 15, what is -1 - -4e?
4d
In base 12, what is -6a1 + 8?
-695
In base 11, what is 2 + -291?
-28a
In base 15, what is 1 - 6?
-5
In base 10, what is -5 + -46?
-51
In base 16, what is -7 + 23?
1c
In base 3, what is 10012 - 101?
2211
In base 11, what is -592 + -18?
-5aa
In base 14, what is 4 - -69?
6d
In base 5, what is 314 - 1?
313
In base 9, what is -41 - 0?
-41
In base 10, what is 3 - 60?
-57
In base 14, what is 230 - 1?
22d
In base 9, what is -188 + -8?
-207
In base 8, what is -3 + 5565?
5562
In base 11, what is -3a0 + -1?
-3a1
In base 11, what is 5462 + 2?
5464
In base 2, what is 1001100011001 + -10?
1001100010111
In base 16, what is -5bb - -2?
-5b9
In base 6, what is 2 + -202?
-200
In base 13, what is -4b4 - 1?
-4b5
In base 9, what is 4 + -204?
-200
In base 15, what is -1ae5 - 2?
-1ae7
In base 3, what is -101010020 - -2?
-101010011
In base 7, what is -6 + -515?
-524
In base 11, what is -29 - 3?
-31
In base 11, what is -433 - 1?
-434
In base 13, what is 2 - 149?
-147
In base 7, what is -26 + -134?
-163
In base 3, what is 0 - 2022?
-2022
In base 7, what is 255 + 13?
301
In base 4, what is 3 - 1333?
-1330
In base 5, what is 1 - 11?
-10
In base 10, what is 304 - -5?
309
In base 14, what is 11 - 5d?
-4c
In base 13, what is 9 - -379?
385
In base 7, what is 122 - 15?
104
In base 16, what is -119 + 2?
-117
In base 11, what is -10958 + -2?
-1095a
In base 4, what is -1 - 1233210?
-1233211
In base 3, what is 100220 + 1?
100221
In base 8, what is 26 - -1177?
1225
In base 13, what is 29 - 1b?
b
In base 5, what is 4 + 11244?
11303
In base 6, what is -212 - 330?
-542
In base 11, what is -3 - -65?
62
In base 11, what is -133 + -2?
-135
In base 16, what is -9 - 5?
-e
In base 13, what is 87a - 10?
86a
In base 6, what is -24 + 3454?
3430
In base 6, what is -10 - 1222?
-1232
In base 16, what is -7cd + -b?
-7d8
In base 11, what is -2a - 4?
-33
In base 6, what is -115 + -1?
-120
In base 2, what is -1001 + 100?
-101
In base 16, what is -c5 + -12?
-d7
In base 6, what is -4 + 21133?
21125
In base 5, what is 4 + -114?
-110
In base 13, what is -18 + -cb?
-116
In base 6, what is 4 + 304?
312
In base 3, what is 2020200 - 12?
2020111
In base 6, what is -152543 + -5?
-152552
In base 3, what is 220002 - 10?
212222
In base 4, what is 11302 + -11?
11231
In base 13, what is -59c - -3?
-599
In base 5, what is 3 + 1?
4
In base 4, what is 1 - -121?
122
In base 3, what is 2002121 - -1?
2002122
In base 9, what is 12 - 80?
-67
In base 4, what is -3 + 123?
120
In base 8, what is -2 + 244?
242
In base 7, what is 56113 + -4?
56106
In base 11, what is -aa - 2?
-101
In base 10, what is 4135 + -5?
4130
In base 6, what is 13513 + 2?
13515
In base 5, what is -24 + 23?
-1
In base 6, what is 12 - -12504?
12520
In base 7, what is 3231 - -2?
3233
In base 6, what is -1012 + -4?
-1020
